{"id":47068,"date":"2021-10-25T11:47:12","date_gmt":"2021-10-25T09:47:12","guid":{"rendered":"https:\/\/www.infakt.pl\/blog\/?page_id=47068"},"modified":"2024-04-05T13:18:29","modified_gmt":"2024-04-05T11:18:29","slug":"polski-lad","status":"publish","type":"page","link":"https:\/\/www.infakt.pl\/blog\/polski-lad\/","title":{"rendered":"Polski \u0141ad"},"content":{"rendered":"","protected":false},"excerpt":{"rendered":"","protected":false},"author":117,"featured_media":0,"parent":0,"menu_order":3,"comment_status":"closed","ping_status":"closed","template":"page-nwo.php","meta":{"_acf_changed":false,"footnotes":""},"class_list":["post-47068","page","type-page","status-publish","hentry"],"acf":[],"yoast_head":"<!-- This site is optimized with the Yoast SEO plugin v27.4 - https:\/\/yoast.com\/product\/yoast-seo-wordpress\/ -->\n<title>Polski \u0141ad: kompendium wiedzy - inFakt.pl<\/title>\n<meta name=\"description\" content=\"Aktualne informacje, komentarze ekspert\u00f3w, fachowe opinie. Wszystko, co przedsi\u0119biorca powinien wiedzie\u0107 o Nowym Polskim \u0141adzie.\" \/>\n<meta name=\"robots\" content=\"index, follow, max-snippet:-1, max-image-preview:large, max-video-preview:-1\" \/>\n<link rel=\"canonical\" href=\"https:\/\/www.infakt.pl\/blog\/polski-lad\/\" \/>\n<meta property=\"og:locale\" content=\"pl_PL\" \/>\n<meta property=\"og:type\" content=\"article\" \/>\n<meta property=\"og:title\" content=\"Polski \u0141ad - kompendium wiedzy\" \/>\n<meta property=\"og:description\" content=\"Aktualne informacje, komentarze ekspert\u00f3w, fachowe opinie. Wszystko, co przedsi\u0119biorca powinien wiedzie\u0107 o Nowym Polskim \u0141adzie.\" \/>\n<meta property=\"og:url\" content=\"https:\/\/www.infakt.pl\/blog\/polski-lad\/\" \/>\n<meta property=\"og:site_name\" content=\"Infakt Blog\" \/>\n<meta property=\"article:modified_time\" content=\"2024-04-05T11:18:29+00:00\" \/>\n<meta property=\"og:image\" content=\"https:\/\/www.infakt.pl\/blog\/wp-content\/uploads\/2022\/02\/ogimage_polskilad.png\" \/>\n\t<meta property=\"og:image:width\" content=\"1200\" \/>\n\t<meta property=\"og:image:height\" content=\"1200\" \/>\n\t<meta property=\"og:image:type\" content=\"image\/png\" \/>\n<meta name=\"twitter:card\" content=\"summary_large_image\" \/>\n<meta name=\"twitter:title\" content=\"Polski \u0141ad - kompendium wiedzy\" \/>\n<meta name=\"twitter:description\" content=\"Aktualne informacje, komentarze ekspert\u00f3w, fachowe opinie. Wszystko, co przedsi\u0119biorca powinien wiedzie\u0107 o Nowym Polskim \u0141adzie.\" \/>\n<script type=\"application\/ld+json\" class=\"yoast-schema-graph\">{\"@context\":\"https:\\\/\\\/schema.org\",\"@graph\":[{\"@type\":\"WebPage\",\"@id\":\"https:\\\/\\\/www.infakt.pl\\\/blog\\\/polski-lad\\\/\",\"url\":\"https:\\\/\\\/www.infakt.pl\\\/blog\\\/polski-lad\\\/\",\"name\":\"Polski \u0141ad: kompendium wiedzy - inFakt.pl\",\"isPartOf\":{\"@id\":\"https:\\\/\\\/www.infakt.pl\\\/blog\\\/#website\"},\"datePublished\":\"2021-10-25T09:47:12+00:00\",\"dateModified\":\"2024-04-05T11:18:29+00:00\",\"description\":\"Aktualne informacje, komentarze ekspert\u00f3w, fachowe opinie. Wszystko, co przedsi\u0119biorca powinien wiedzie\u0107 o Nowym Polskim \u0141adzie.\",\"breadcrumb\":{\"@id\":\"https:\\\/\\\/www.infakt.pl\\\/blog\\\/polski-lad\\\/#breadcrumb\"},\"inLanguage\":\"pl-PL\",\"potentialAction\":[{\"@type\":\"ReadAction\",\"target\":[\"https:\\\/\\\/www.infakt.pl\\\/blog\\\/polski-lad\\\/\"]}]},{\"@type\":\"BreadcrumbList\",\"@id\":\"https:\\\/\\\/www.infakt.pl\\\/blog\\\/polski-lad\\\/#breadcrumb\",\"itemListElement\":[{\"@type\":\"ListItem\",\"position\":1,\"name\":\"Blog\",\"item\":\"https:\\\/\\\/www.infakt.pl\\\/blog\\\/\"},{\"@type\":\"ListItem\",\"position\":2,\"name\":\"Polski \u0141ad\"}]},{\"@type\":\"WebSite\",\"@id\":\"https:\\\/\\\/www.infakt.pl\\\/blog\\\/#website\",\"url\":\"https:\\\/\\\/www.infakt.pl\\\/blog\\\/\",\"name\":\"Infakt Blog\",\"description\":\"\",\"potentialAction\":[{\"@type\":\"SearchAction\",\"target\":{\"@type\":\"EntryPoint\",\"urlTemplate\":\"https:\\\/\\\/www.infakt.pl\\\/blog\\\/?s={search_term_string}\"},\"query-input\":{\"@type\":\"PropertyValueSpecification\",\"valueRequired\":true,\"valueName\":\"search_term_string\"}}],\"inLanguage\":\"pl-PL\"}]}<\/script>\n<!-- \/ Yoast SEO plugin. -->","yoast_head_json":{"title":"Polski \u0141ad: kompendium wiedzy - inFakt.pl","description":"Aktualne informacje, komentarze ekspert\u00f3w, fachowe opinie. Wszystko, co przedsi\u0119biorca powinien wiedzie\u0107 o Nowym Polskim \u0141adzie.","robots":{"index":"index","follow":"follow","max-snippet":"max-snippet:-1","max-image-preview":"max-image-preview:large","max-video-preview":"max-video-preview:-1"},"canonical":"https:\/\/www.infakt.pl\/blog\/polski-lad\/","og_locale":"pl_PL","og_type":"article","og_title":"Polski \u0141ad - kompendium wiedzy","og_description":"Aktualne informacje, komentarze ekspert\u00f3w, fachowe opinie. Wszystko, co przedsi\u0119biorca powinien wiedzie\u0107 o Nowym Polskim \u0141adzie.","og_url":"https:\/\/www.infakt.pl\/blog\/polski-lad\/","og_site_name":"Infakt Blog","article_modified_time":"2024-04-05T11:18:29+00:00","og_image":[{"width":1200,"height":1200,"url":"https:\/\/www.infakt.pl\/blog\/wp-content\/uploads\/2022\/02\/ogimage_polskilad.png","type":"image\/png"}],"twitter_card":"summary_large_image","twitter_title":"Polski \u0141ad - kompendium wiedzy","twitter_description":"Aktualne informacje, komentarze ekspert\u00f3w, fachowe opinie. Wszystko, co przedsi\u0119biorca powinien wiedzie\u0107 o Nowym Polskim \u0141adzie.","schema":{"@context":"https:\/\/schema.org","@graph":[{"@type":"WebPage","@id":"https:\/\/www.infakt.pl\/blog\/polski-lad\/","url":"https:\/\/www.infakt.pl\/blog\/polski-lad\/","name":"Polski \u0141ad: kompendium wiedzy - inFakt.pl","isPartOf":{"@id":"https:\/\/www.infakt.pl\/blog\/#website"},"datePublished":"2021-10-25T09:47:12+00:00","dateModified":"2024-04-05T11:18:29+00:00","description":"Aktualne informacje, komentarze ekspert\u00f3w, fachowe opinie. Wszystko, co przedsi\u0119biorca powinien wiedzie\u0107 o Nowym Polskim \u0141adzie.","breadcrumb":{"@id":"https:\/\/www.infakt.pl\/blog\/polski-lad\/#breadcrumb"},"inLanguage":"pl-PL","potentialAction":[{"@type":"ReadAction","target":["https:\/\/www.infakt.pl\/blog\/polski-lad\/"]}]},{"@type":"BreadcrumbList","@id":"https:\/\/www.infakt.pl\/blog\/polski-lad\/#breadcrumb","itemListElement":[{"@type":"ListItem","position":1,"name":"Blog","item":"https:\/\/www.infakt.pl\/blog\/"},{"@type":"ListItem","position":2,"name":"Polski \u0141ad"}]},{"@type":"WebSite","@id":"https:\/\/www.infakt.pl\/blog\/#website","url":"https:\/\/www.infakt.pl\/blog\/","name":"Infakt Blog","description":"","potentialAction":[{"@type":"SearchAction","target":{"@type":"EntryPoint","urlTemplate":"https:\/\/www.infakt.pl\/blog\/?s={search_term_string}"},"query-input":{"@type":"PropertyValueSpecification","valueRequired":true,"valueName":"search_term_string"}}],"inLanguage":"pl-PL"}]}},"_links":{"self":[{"href":"https:\/\/www.infakt.pl\/blog\/wp-json\/wp\/v2\/pages\/47068","targetHints":{"allow":["GET"]}}],"collection":[{"href":"https:\/\/www.infakt.pl\/blog\/wp-json\/wp\/v2\/pages"}],"about":[{"href":"https:\/\/www.infakt.pl\/blog\/wp-json\/wp\/v2\/types\/page"}],"author":[{"embeddable":true,"href":"https:\/\/www.infakt.pl\/blog\/wp-json\/wp\/v2\/users\/117"}],"replies":[{"embeddable":true,"href":"https:\/\/www.infakt.pl\/blog\/wp-json\/wp\/v2\/comments?post=47068"}],"version-history":[{"count":21,"href":"https:\/\/www.infakt.pl\/blog\/wp-json\/wp\/v2\/pages\/47068\/revisions"}],"predecessor-version":[{"id":49215,"href":"https:\/\/www.infakt.pl\/blog\/wp-json\/wp\/v2\/pages\/47068\/revisions\/49215"}],"wp:attachment":[{"href":"https:\/\/www.infakt.pl\/blog\/wp-json\/wp\/v2\/media?parent=47068"}],"curies":[{"name":"wp","href":"https:\/\/api.w.org\/{rel}","templated":true}]}}