{"id":23969,"date":"2017-02-15T15:35:47","date_gmt":"2017-02-15T14:35:47","guid":{"rendered":"http:\/\/www.infakt.pl\/blog\/?page_id=23969"},"modified":"2023-01-04T17:24:26","modified_gmt":"2023-01-04T16:24:26","slug":"darmowe-ebooki","status":"publish","type":"page","link":"https:\/\/www.infakt.pl\/blog\/darmowe-ebooki\/","title":{"rendered":"Darmowe ebooki"},"content":{"rendered":"<p>inFakt zaprasza do zapoznania si\u0119 z\u00a0eBookami skierowanymi do os\u00f3b przedsi\u0119biorczych i chc\u0105cych poszerzy\u0107 swoj\u0105 wiedz\u0119. Teksty k\u0142ad\u0105 nacisk na praktyk\u0119 \u2013 stanowi\u0105 proste zestawy konkretnych porad i wskaz\u00f3wek.<\/p>\r\n<div class=\"ebook-grid\"><a href=\"https:\/\/www.infakt.pl\/blog\/darmowe-ebooki\/jak-zalozyc-firme-w-kilku-prostych-krokach\/\"><img decoding=\"async\" loading=\"lazy\"   class=\"size-full wp-image-24412\" src=\"https:\/\/www.infakt.pl\/blog\/wp-content\/uploads\/2017\/02\/10.png\" alt=\"10\" width=\"318\" height=\"318\" srcset=\"https:\/\/www.infakt.pl\/blog\/wp-content\/uploads\/2017\/02\/10.png 318w, https:\/\/www.infakt.pl\/blog\/wp-content\/uploads\/2017\/02\/10-300x300.png 300w, https:\/\/www.infakt.pl\/blog\/wp-content\/uploads\/2017\/02\/10-150x150.png 150w, https:\/\/www.infakt.pl\/blog\/wp-content\/uploads\/2017\/02\/10-196x196.png 196w, https:\/\/www.infakt.pl\/blog\/wp-content\/uploads\/2017\/02\/10-250x250.png 250w, https:\/\/www.infakt.pl\/blog\/wp-content\/uploads\/2017\/02\/10-98x98.png 98w\" sizes=\"auto, (max-width: 318px) 100vw, 318px\" \/><\/a><a href=\"https:\/\/www.infakt.pl\/blog\/darmowe-ebooki\/jak-samodzielnie-prowadzic-ksiegowosc\/\"><img decoding=\"async\" loading=\"lazy\"   class=\"size-full wp-image-24411\" src=\"https:\/\/www.infakt.pl\/blog\/wp-content\/uploads\/2017\/02\/09.png\" alt=\"09\" width=\"318\" height=\"318\" srcset=\"https:\/\/www.infakt.pl\/blog\/wp-content\/uploads\/2017\/02\/09.png 318w, https:\/\/www.infakt.pl\/blog\/wp-content\/uploads\/2017\/02\/09-300x300.png 300w, https:\/\/www.infakt.pl\/blog\/wp-content\/uploads\/2017\/02\/09-150x150.png 150w, https:\/\/www.infakt.pl\/blog\/wp-content\/uploads\/2017\/02\/09-196x196.png 196w, https:\/\/www.infakt.pl\/blog\/wp-content\/uploads\/2017\/02\/09-250x250.png 250w, https:\/\/www.infakt.pl\/blog\/wp-content\/uploads\/2017\/02\/09-98x98.png 98w\" sizes=\"auto, (max-width: 318px) 100vw, 318px\" \/><\/a><a href=\"https:\/\/www.infakt.pl\/blog\/darmowe-ebooki\/kalendarium-polskiego-przedsiebiorcy\/\"><img decoding=\"async\" loading=\"lazy\"   class=\"size-full wp-image-24410\" src=\"https:\/\/www.infakt.pl\/blog\/wp-content\/uploads\/2017\/02\/08.png\" alt=\"08\" width=\"318\" height=\"318\" srcset=\"https:\/\/www.infakt.pl\/blog\/wp-content\/uploads\/2017\/02\/08.png 318w, https:\/\/www.infakt.pl\/blog\/wp-content\/uploads\/2017\/02\/08-300x300.png 300w, https:\/\/www.infakt.pl\/blog\/wp-content\/uploads\/2017\/02\/08-150x150.png 150w, https:\/\/www.infakt.pl\/blog\/wp-content\/uploads\/2017\/02\/08-196x196.png 196w, https:\/\/www.infakt.pl\/blog\/wp-content\/uploads\/2017\/02\/08-250x250.png 250w, https:\/\/www.infakt.pl\/blog\/wp-content\/uploads\/2017\/02\/08-98x98.png 98w\" sizes=\"auto, (max-width: 318px) 100vw, 318px\" \/><\/a><a href=\"https:\/\/www.infakt.pl\/blog\/darmowe-ebooki\/51-pomyslow-na-koszty-firmowe\/\"><img decoding=\"async\" loading=\"lazy\"   class=\"size-full wp-image-24409\" src=\"https:\/\/www.infakt.pl\/blog\/wp-content\/uploads\/2017\/02\/07.png\" alt=\"07\" width=\"318\" height=\"318\" srcset=\"https:\/\/www.infakt.pl\/blog\/wp-content\/uploads\/2017\/02\/07.png 318w, https:\/\/www.infakt.pl\/blog\/wp-content\/uploads\/2017\/02\/07-300x300.png 300w, https:\/\/www.infakt.pl\/blog\/wp-content\/uploads\/2017\/02\/07-150x150.png 150w, https:\/\/www.infakt.pl\/blog\/wp-content\/uploads\/2017\/02\/07-196x196.png 196w, https:\/\/www.infakt.pl\/blog\/wp-content\/uploads\/2017\/02\/07-250x250.png 250w, https:\/\/www.infakt.pl\/blog\/wp-content\/uploads\/2017\/02\/07-98x98.png 98w\" sizes=\"auto, (max-width: 318px) 100vw, 318px\" \/><\/a><a href=\"https:\/\/www.infakt.pl\/blog\/darmowe-ebooki\/jak-zmienic-biuro-rachunkowe\/\"><img decoding=\"async\" loading=\"lazy\"   class=\"size-full wp-image-24408\" src=\"https:\/\/www.infakt.pl\/blog\/wp-content\/uploads\/2017\/02\/06.png\" alt=\"06\" width=\"318\" height=\"318\" srcset=\"https:\/\/www.infakt.pl\/blog\/wp-content\/uploads\/2017\/02\/06.png 318w, https:\/\/www.infakt.pl\/blog\/wp-content\/uploads\/2017\/02\/06-300x300.png 300w, https:\/\/www.infakt.pl\/blog\/wp-content\/uploads\/2017\/02\/06-150x150.png 150w, https:\/\/www.infakt.pl\/blog\/wp-content\/uploads\/2017\/02\/06-196x196.png 196w, https:\/\/www.infakt.pl\/blog\/wp-content\/uploads\/2017\/02\/06-250x250.png 250w, https:\/\/www.infakt.pl\/blog\/wp-content\/uploads\/2017\/02\/06-98x98.png 98w\" sizes=\"auto, (max-width: 318px) 100vw, 318px\" \/><\/a><a href=\"https:\/\/www.infakt.pl\/blog\/darmowe-ebooki\/samozatrudnienie-praktyczny-przewodnik\/\"><img decoding=\"async\" loading=\"lazy\"   class=\"size-full wp-image-24407\" src=\"https:\/\/www.infakt.pl\/blog\/wp-content\/uploads\/2017\/02\/05.png\" alt=\"05\" width=\"318\" height=\"318\" srcset=\"https:\/\/www.infakt.pl\/blog\/wp-content\/uploads\/2017\/02\/05.png 318w, https:\/\/www.infakt.pl\/blog\/wp-content\/uploads\/2017\/02\/05-300x300.png 300w, https:\/\/www.infakt.pl\/blog\/wp-content\/uploads\/2017\/02\/05-150x150.png 150w, https:\/\/www.infakt.pl\/blog\/wp-content\/uploads\/2017\/02\/05-196x196.png 196w, https:\/\/www.infakt.pl\/blog\/wp-content\/uploads\/2017\/02\/05-250x250.png 250w, https:\/\/www.infakt.pl\/blog\/wp-content\/uploads\/2017\/02\/05-98x98.png 98w\" sizes=\"auto, (max-width: 318px) 100vw, 318px\" \/><\/a><a href=\"https:\/\/www.infakt.pl\/blog\/darmowe-ebooki\/wystawianie-faktur-w-infakt-pl-podrecznik-uzytkownika\/\"><img decoding=\"async\" loading=\"lazy\"   class=\"size-full wp-image-24406\" src=\"https:\/\/www.infakt.pl\/blog\/wp-content\/uploads\/2017\/02\/04.png\" alt=\"04\" width=\"318\" height=\"318\" srcset=\"https:\/\/www.infakt.pl\/blog\/wp-content\/uploads\/2017\/02\/04.png 318w, https:\/\/www.infakt.pl\/blog\/wp-content\/uploads\/2017\/02\/04-300x300.png 300w, https:\/\/www.infakt.pl\/blog\/wp-content\/uploads\/2017\/02\/04-150x150.png 150w, https:\/\/www.infakt.pl\/blog\/wp-content\/uploads\/2017\/02\/04-196x196.png 196w, https:\/\/www.infakt.pl\/blog\/wp-content\/uploads\/2017\/02\/04-250x250.png 250w, https:\/\/www.infakt.pl\/blog\/wp-content\/uploads\/2017\/02\/04-98x98.png 98w\" sizes=\"auto, (max-width: 318px) 100vw, 318px\" \/><\/a><a href=\"https:\/\/www.infakt.pl\/blog\/darmowe-ebooki\/jak-kupic-i-sprzedac-samochod-firmowy\/\"><img decoding=\"async\" loading=\"lazy\"   class=\"size-full wp-image-24405\" src=\"https:\/\/www.infakt.pl\/blog\/wp-content\/uploads\/2017\/02\/03.png\" alt=\"03\" width=\"318\" height=\"318\" srcset=\"https:\/\/www.infakt.pl\/blog\/wp-content\/uploads\/2017\/02\/03.png 318w, https:\/\/www.infakt.pl\/blog\/wp-content\/uploads\/2017\/02\/03-300x300.png 300w, https:\/\/www.infakt.pl\/blog\/wp-content\/uploads\/2017\/02\/03-150x150.png 150w, https:\/\/www.infakt.pl\/blog\/wp-content\/uploads\/2017\/02\/03-196x196.png 196w, https:\/\/www.infakt.pl\/blog\/wp-content\/uploads\/2017\/02\/03-250x250.png 250w, https:\/\/www.infakt.pl\/blog\/wp-content\/uploads\/2017\/02\/03-98x98.png 98w\" sizes=\"auto, (max-width: 318px) 100vw, 318px\" \/><\/a><a href=\"https:\/\/www.infakt.pl\/blog\/darmowe-ebooki\/jak-wziac-samochod-osobowy-w-leasing\/\"><img decoding=\"async\" loading=\"lazy\"   class=\"size-full wp-image-24404\" src=\"https:\/\/www.infakt.pl\/blog\/wp-content\/uploads\/2017\/02\/02.png\" alt=\"02\" width=\"318\" height=\"318\" srcset=\"https:\/\/www.infakt.pl\/blog\/wp-content\/uploads\/2017\/02\/02.png 318w, https:\/\/www.infakt.pl\/blog\/wp-content\/uploads\/2017\/02\/02-300x300.png 300w, https:\/\/www.infakt.pl\/blog\/wp-content\/uploads\/2017\/02\/02-150x150.png 150w, https:\/\/www.infakt.pl\/blog\/wp-content\/uploads\/2017\/02\/02-196x196.png 196w, https:\/\/www.infakt.pl\/blog\/wp-content\/uploads\/2017\/02\/02-250x250.png 250w, https:\/\/www.infakt.pl\/blog\/wp-content\/uploads\/2017\/02\/02-98x98.png 98w\" sizes=\"auto, (max-width: 318px) 100vw, 318px\" \/><\/a><a href=\"https:\/\/www.infakt.pl\/blog\/darmowe-ebooki\/jak-rozliczac-przychody-z-bloga\/\"><img decoding=\"async\" loading=\"lazy\"   class=\"size-full wp-image-24403\" src=\"https:\/\/www.infakt.pl\/blog\/wp-content\/uploads\/2017\/02\/01.png\" alt=\"01\" width=\"318\" height=\"318\" srcset=\"https:\/\/www.infakt.pl\/blog\/wp-content\/uploads\/2017\/02\/01.png 318w, https:\/\/www.infakt.pl\/blog\/wp-content\/uploads\/2017\/02\/01-300x300.png 300w, https:\/\/www.infakt.pl\/blog\/wp-content\/uploads\/2017\/02\/01-150x150.png 150w, https:\/\/www.infakt.pl\/blog\/wp-content\/uploads\/2017\/02\/01-196x196.png 196w, https:\/\/www.infakt.pl\/blog\/wp-content\/uploads\/2017\/02\/01-250x250.png 250w, https:\/\/www.infakt.pl\/blog\/wp-content\/uploads\/2017\/02\/01-98x98.png 98w\" sizes=\"auto, (max-width: 318px) 100vw, 318px\" \/><\/a>\r\n<\/div>\r\n<style>.ebook-grid{display: grid;width: 100%; max-width: 700px; grid-template-columns: repeat(auto-fill, minmax(318px, 1fr));grid-gap: 8px;text-align: center;vertical-align: middle;justify-content: center;margin: 0 auto;}.ebook-grid a img{border-radius: 16px;overflow: hidden;width: 100%;max-width: 318px;height: auto;}<\/style>","protected":false},"excerpt":{"rendered":"<p>inFakt zaprasza do zapoznania si\u0119 z\u00a0eBookami skierowanymi do os\u00f3b przedsi\u0119biorczych i chc\u0105cych poszerzy\u0107 swoj\u0105 wiedz\u0119. Teksty k\u0142ad\u0105 nacisk na praktyk\u0119 \u2013 stanowi\u0105&hellip;<\/p>\n","protected":false},"author":27,"featured_media":0,"parent":0,"menu_order":7,"comment_status":"closed","ping_status":"closed","template":"","meta":{"_acf_changed":false,"footnotes":""},"class_list":["post-23969","page","type-page","status-publish","hentry"],"acf":[],"yoast_head":"<!-- This site is optimized with the Yoast SEO plugin v27.5 - https:\/\/yoast.com\/product\/yoast-seo-wordpress\/ -->\n<title>Darmowe ebooki - Infakt Blog<\/title>\n<meta name=\"robots\" content=\"index, follow, max-snippet:-1, max-image-preview:large, max-video-preview:-1\" \/>\n<link rel=\"canonical\" href=\"https:\/\/www.infakt.pl\/blog\/darmowe-ebooki\/\" \/>\n<meta property=\"og:locale\" content=\"pl_PL\" \/>\n<meta property=\"og:type\" content=\"article\" \/>\n<meta property=\"og:title\" content=\"Darmowe ebooki - Infakt Blog\" \/>\n<meta property=\"og:description\" content=\"inFakt zaprasza do zapoznania si\u0119 z\u00a0eBookami skierowanymi do os\u00f3b przedsi\u0119biorczych i chc\u0105cych poszerzy\u0107 swoj\u0105 wiedz\u0119. Teksty k\u0142ad\u0105 nacisk na praktyk\u0119 \u2013 stanowi\u0105&hellip;\" \/>\n<meta property=\"og:url\" content=\"https:\/\/www.infakt.pl\/blog\/darmowe-ebooki\/\" \/>\n<meta property=\"og:site_name\" content=\"Infakt Blog\" \/>\n<meta property=\"article:modified_time\" content=\"2023-01-04T16:24:26+00:00\" \/>\n<meta property=\"og:image\" content=\"https:\/\/www.infakt.pl\/blog\/wp-content\/uploads\/2017\/02\/10.png\" \/>\n\t<meta property=\"og:image:width\" content=\"318\" \/>\n\t<meta property=\"og:image:height\" content=\"318\" \/>\n\t<meta property=\"og:image:type\" content=\"image\/png\" \/>\n<meta name=\"twitter:card\" content=\"summary_large_image\" \/>\n<script type=\"application\/ld+json\" class=\"yoast-schema-graph\">{\"@context\":\"https:\\\/\\\/schema.org\",\"@graph\":[{\"@type\":\"WebPage\",\"@id\":\"https:\\\/\\\/www.infakt.pl\\\/blog\\\/darmowe-ebooki\\\/\",\"url\":\"https:\\\/\\\/www.infakt.pl\\\/blog\\\/darmowe-ebooki\\\/\",\"name\":\"Darmowe ebooki - Infakt Blog\",\"isPartOf\":{\"@id\":\"https:\\\/\\\/www.infakt.pl\\\/blog\\\/#website\"},\"primaryImageOfPage\":{\"@id\":\"https:\\\/\\\/www.infakt.pl\\\/blog\\\/darmowe-ebooki\\\/#primaryimage\"},\"image\":{\"@id\":\"https:\\\/\\\/www.infakt.pl\\\/blog\\\/darmowe-ebooki\\\/#primaryimage\"},\"thumbnailUrl\":\"https:\\\/\\\/www.infakt.pl\\\/blog\\\/wp-content\\\/uploads\\\/2017\\\/02\\\/10.png\",\"datePublished\":\"2017-02-15T14:35:47+00:00\",\"dateModified\":\"2023-01-04T16:24:26+00:00\",\"breadcrumb\":{\"@id\":\"https:\\\/\\\/www.infakt.pl\\\/blog\\\/darmowe-ebooki\\\/#breadcrumb\"},\"inLanguage\":\"pl-PL\",\"potentialAction\":[{\"@type\":\"ReadAction\",\"target\":[\"https:\\\/\\\/www.infakt.pl\\\/blog\\\/darmowe-ebooki\\\/\"]}]},{\"@type\":\"ImageObject\",\"inLanguage\":\"pl-PL\",\"@id\":\"https:\\\/\\\/www.infakt.pl\\\/blog\\\/darmowe-ebooki\\\/#primaryimage\",\"url\":\"https:\\\/\\\/www.infakt.pl\\\/blog\\\/wp-content\\\/uploads\\\/2017\\\/02\\\/10.png\",\"contentUrl\":\"https:\\\/\\\/www.infakt.pl\\\/blog\\\/wp-content\\\/uploads\\\/2017\\\/02\\\/10.png\",\"width\":318,\"height\":318},{\"@type\":\"BreadcrumbList\",\"@id\":\"https:\\\/\\\/www.infakt.pl\\\/blog\\\/darmowe-ebooki\\\/#breadcrumb\",\"itemListElement\":[{\"@type\":\"ListItem\",\"position\":1,\"name\":\"Blog\",\"item\":\"https:\\\/\\\/www.infakt.pl\\\/blog\\\/\"},{\"@type\":\"ListItem\",\"position\":2,\"name\":\"Darmowe ebooki\"}]},{\"@type\":\"WebSite\",\"@id\":\"https:\\\/\\\/www.infakt.pl\\\/blog\\\/#website\",\"url\":\"https:\\\/\\\/www.infakt.pl\\\/blog\\\/\",\"name\":\"Infakt Blog\",\"description\":\"\",\"potentialAction\":[{\"@type\":\"SearchAction\",\"target\":{\"@type\":\"EntryPoint\",\"urlTemplate\":\"https:\\\/\\\/www.infakt.pl\\\/blog\\\/?s={search_term_string}\"},\"query-input\":{\"@type\":\"PropertyValueSpecification\",\"valueRequired\":true,\"valueName\":\"search_term_string\"}}],\"inLanguage\":\"pl-PL\"}]}<\/script>\n<!-- \/ Yoast SEO plugin. -->","yoast_head_json":{"title":"Darmowe ebooki - Infakt Blog","robots":{"index":"index","follow":"follow","max-snippet":"max-snippet:-1","max-image-preview":"max-image-preview:large","max-video-preview":"max-video-preview:-1"},"canonical":"https:\/\/www.infakt.pl\/blog\/darmowe-ebooki\/","og_locale":"pl_PL","og_type":"article","og_title":"Darmowe ebooki - Infakt Blog","og_description":"inFakt zaprasza do zapoznania si\u0119 z\u00a0eBookami skierowanymi do os\u00f3b przedsi\u0119biorczych i chc\u0105cych poszerzy\u0107 swoj\u0105 wiedz\u0119. Teksty k\u0142ad\u0105 nacisk na praktyk\u0119 \u2013 stanowi\u0105&hellip;","og_url":"https:\/\/www.infakt.pl\/blog\/darmowe-ebooki\/","og_site_name":"Infakt Blog","article_modified_time":"2023-01-04T16:24:26+00:00","og_image":[{"width":318,"height":318,"url":"https:\/\/www.infakt.pl\/blog\/wp-content\/uploads\/2017\/02\/10.png","type":"image\/png"}],"twitter_card":"summary_large_image","schema":{"@context":"https:\/\/schema.org","@graph":[{"@type":"WebPage","@id":"https:\/\/www.infakt.pl\/blog\/darmowe-ebooki\/","url":"https:\/\/www.infakt.pl\/blog\/darmowe-ebooki\/","name":"Darmowe ebooki - Infakt Blog","isPartOf":{"@id":"https:\/\/www.infakt.pl\/blog\/#website"},"primaryImageOfPage":{"@id":"https:\/\/www.infakt.pl\/blog\/darmowe-ebooki\/#primaryimage"},"image":{"@id":"https:\/\/www.infakt.pl\/blog\/darmowe-ebooki\/#primaryimage"},"thumbnailUrl":"https:\/\/www.infakt.pl\/blog\/wp-content\/uploads\/2017\/02\/10.png","datePublished":"2017-02-15T14:35:47+00:00","dateModified":"2023-01-04T16:24:26+00:00","breadcrumb":{"@id":"https:\/\/www.infakt.pl\/blog\/darmowe-ebooki\/#breadcrumb"},"inLanguage":"pl-PL","potentialAction":[{"@type":"ReadAction","target":["https:\/\/www.infakt.pl\/blog\/darmowe-ebooki\/"]}]},{"@type":"ImageObject","inLanguage":"pl-PL","@id":"https:\/\/www.infakt.pl\/blog\/darmowe-ebooki\/#primaryimage","url":"https:\/\/www.infakt.pl\/blog\/wp-content\/uploads\/2017\/02\/10.png","contentUrl":"https:\/\/www.infakt.pl\/blog\/wp-content\/uploads\/2017\/02\/10.png","width":318,"height":318},{"@type":"BreadcrumbList","@id":"https:\/\/www.infakt.pl\/blog\/darmowe-ebooki\/#breadcrumb","itemListElement":[{"@type":"ListItem","position":1,"name":"Blog","item":"https:\/\/www.infakt.pl\/blog\/"},{"@type":"ListItem","position":2,"name":"Darmowe ebooki"}]},{"@type":"WebSite","@id":"https:\/\/www.infakt.pl\/blog\/#website","url":"https:\/\/www.infakt.pl\/blog\/","name":"Infakt Blog","description":"","potentialAction":[{"@type":"SearchAction","target":{"@type":"EntryPoint","urlTemplate":"https:\/\/www.infakt.pl\/blog\/?s={search_term_string}"},"query-input":{"@type":"PropertyValueSpecification","valueRequired":true,"valueName":"search_term_string"}}],"inLanguage":"pl-PL"}]}},"_links":{"self":[{"href":"https:\/\/www.infakt.pl\/blog\/wp-json\/wp\/v2\/pages\/23969","targetHints":{"allow":["GET"]}}],"collection":[{"href":"https:\/\/www.infakt.pl\/blog\/wp-json\/wp\/v2\/pages"}],"about":[{"href":"https:\/\/www.infakt.pl\/blog\/wp-json\/wp\/v2\/types\/page"}],"author":[{"embeddable":true,"href":"https:\/\/www.infakt.pl\/blog\/wp-json\/wp\/v2\/users\/27"}],"replies":[{"embeddable":true,"href":"https:\/\/www.infakt.pl\/blog\/wp-json\/wp\/v2\/comments?post=23969"}],"version-history":[{"count":2,"href":"https:\/\/www.infakt.pl\/blog\/wp-json\/wp\/v2\/pages\/23969\/revisions"}],"predecessor-version":[{"id":55471,"href":"https:\/\/www.infakt.pl\/blog\/wp-json\/wp\/v2\/pages\/23969\/revisions\/55471"}],"wp:attachment":[{"href":"https:\/\/www.infakt.pl\/blog\/wp-json\/wp\/v2\/media?parent=23969"}],"curies":[{"name":"wp","href":"https:\/\/api.w.org\/{rel}","templated":true}]}}